nd 50.
50
What is the greatest common divisor of 402 and 66933?
201
What is the highest common factor of 44115 and 51?
51
What is the highest common factor of 242 and 3586?
22
What is the highest common factor of 2 and 53?
1
What is the highest common divisor of 189 and 35?
7
What is the greatest common divisor of 864 and 1242?
54
What is the highest common divisor of 63 and 225?
9
Calculate the highest common divisor of 1276 and 7424.
116
What is the greatest common factor of 66 and 88?
22
What is the greatest common divisor of 132 and 495?
33
Calculate the highest common divisor of 3 and 1761.
3
What is the greatest common factor of 387 and 2451?
129
What is the highest common factor of 1 and 32?
1
What is the highest common factor of 1850 and 5?
5
What is the highest common factor of 1053 and 162?
81
Calculate the greatest common divisor of 10 and 314.
2
Calculate the greatest common factor of 945 and 756.
189
What is the greatest common factor of 210 and 490?
70
Calculate the highest common factor of 90 and 24.
6
What is the highest common factor of 1656 and 144?
72
What is the greatest common factor of 2509 and 579?
193
What is the greatest common factor of 10 and 7910?
10
What is the greatest common divisor of 4438 and 4?
2
Calculate the greatest common divisor of 18 and 15882.
6
Calculate the highest common factor of 6837 and 53.
53
Calculate the greatest common factor of 423 and 329.
47
Calculate the greatest common factor of 1513 and 178.
89
Calculate the highest common factor of 13 and 1.
1
What is the highest common factor of 874 and 92?
46
Calculate the greatest common divisor of 207 and 612.
9
What is the highest common divisor of 124 and 713?
31
Calculate the greatest common divisor of 13087 and 115.
23
Calculate the greatest common factor of 7 and 21.
7
Calculate the greatest common divisor of 294 and 126.
42
Calculate the greatest common factor of 2883 and 93.
93
What is the greatest common divisor of 56 and 2912?
56
Calculate the greatest common divisor of 114 and 912.
114
Calculate the greatest common divisor of 3680 and 640.
160
What is the greatest common factor of 3445 and 212?
53
What is the highest common factor of 2125 and 221?
17
What is the highest common divisor of 620 and 60?
20
What is the greatest common factor of 3649 and 82?
41
Calculate the highest common factor of 7902 and 18.
18
What is the highest common divisor of 25 and 4?
1
Calculate the highest common factor of 35 and 245.
35
Calculate the greatest common factor of 634 and 2.
2
What is the greatest common divisor of 10 and 49280?
10
What is the highest common factor of 42 and 735?
21
What is the highest common divisor of 231 and 3696?
231
Calculate the highest common divisor of 938 and 140.
14
Calculate the highest common factor of 494 and 312.
26
Calculate the greatest common divisor of 126 and 4473.
63
Calculate the greatest common divisor of 946 and 110.
22
What is the greatest common divisor of 84 and 132?
12
What is the highest common factor of 77 and 22?
11
Calculate the highest common factor of 364 and 532.
28
What is the greatest common divisor of 3300 and 88?
44
Calculate the greatest common factor of 64 and 40.
8
What is the highest common divisor of 30 and 3090?
30
What is the highest common divisor of 7 and 329?
7
Calculate the greatest common factor of 66 and 198.
66
What is the highest common factor of 43270 and 10?
10
Calculate the greatest common factor of 15 and 1005.
15
What is the greatest common factor of 23 and 3?
1
Calculate the highest common divisor of 494 and 2.
2
What is the greatest common factor of 543 and 15023?
181
Calculate the greatest common factor of 434 and 224.
14
Calculate the greatest common divisor of 10310 and 40.
10
Calculate the highest common factor of 195 and 156.
39
Calculate the greatest common divisor of 10 and 12080.
10
Calculate the highest common divisor of 3 and 1257.
3
Calculate the highest common factor of 15 and 150060.
15
Calculate the highest common factor of 513 and 18.
9
What is the highest common factor of 12 and 15?
3
What is the greatest common divisor of 4326 and 126?
42
What is the greatest common factor of 11 and 11?
11
What is the highest common factor of 46 and 1265?
23
Calculate the greatest common divisor of 95 and 38.
19
What is the greatest common factor of 99 and 33?
33
Calculate the greatest common factor of 14316 and 24.
12
What is the highest common divisor of 403 and 39?
13
What is the highest common factor of 2041 and 39?
13
What is the highest common divisor of 7982 and 26?
26
Calculate the greatest common factor of 3522 and 6.
6
What is the greatest common factor of 276 and 345?
69
Calculate the highest common factor of 1980 and 3740.
220
What is the greatest common divisor of 35235 and 145?
145
What is the highest common factor of 5251 and 178?
89
What is the highest common divisor of 55429 and 11?
11
Calculate the highest common divisor of 228 and 570.
114
What is the greatest common factor of 96 and 18672?
48
What is the highest common factor of 34 and 391?
17
Calculate the highest common factor of 30 and 6.
6
Calculate the greatest common factor of 256 and 4.
4
Calculate the highest common factor of 4872 and 224.
56
Calculate the greatest common factor of 72 and 267.
3
What is the highest common factor of 1176 and 2156?
196
Calculate the highest common factor of 9144 and 72.
72
What is the highest common divisor of 511 and 73?
73
Calculate the highest common factor of 310 and 330.
10
What is the greatest common divisor of 129 and 559?
43
What is the highest common divisor of 2119 and 13?
13
What is the highest common divisor of 100 and 980?
20
Calculate the greatest common divisor of 749 and 14.
7
Calculate the greatest common divisor of 56 and 224.
56
What is the highest common divisor of 72 and 792?
72
What is the greatest common factor of 27 and 999?
27
Calculate the highest common divisor of 105 and 273.
21
What is the greatest common factor of 592 and 48?
16
Calculate the highest common divisor of 120 and 105.
15
Calculate the greatest common divisor of 32 and 64.
32
Calculate the highest common divisor of 2553 and 138.
69
Calculate the greatest common divisor of 4736 and 518.
74
What is the greatest common divisor of 13 and 221?
13
What is the highest common factor of 62 and 775?
31
Calculate the highest common factor of 1404 and 216.
108
What is the highest common factor of 300 and 1110?
30
What is the highest common factor of 868 and 93?
31
Calculate the greatest common divisor of 2502 and 8.
2
What is the highest common divisor of 98 and 7?
7
Calculate the greatest common factor of 93 and 48.
3
Calculate the highest common divisor of 102 and 170.
34
What is the greatest common factor of 517 and 2209?
47
What is the highest common divisor of 1104 and 51?
3
Calculate the highest common divisor of 304 and 2546.
38
What is the highest common factor of 33 and 33?
33
Calculate the highest common factor of 220 and 16.
4
What is the highest common factor of 3000 and 135?
15
Calculate the highest common factor of 60 and 80.
20
Calculate the highest common factor of 4615 and 2485.
355
What is the greatest common divisor of 48 and 9?
3
Calculate the highest common divisor of 752 and 1786.
94
Calculate the greatest common factor of 16 and 9008.
16
What is the highest common divisor of 414 and 2016?
18
Calculate the greatest common factor of 42 and 5943.
21
What is the greatest common factor of 26 and 24362?
26
Calculate the highest common factor of 55 and 352.
11
What is the highest common factor of 276 and 2898?
138
What is the greatest common factor of 2209 and 517?
47
What is the greatest common divisor of 27063 and 9?
9
What is the greatest common divisor of 153 and 9?
9
What is the highest common factor of 161 and 35?
7
Calculate the greatest common divisor of 240 and 320.
80
What is the greatest common factor of 7626 and 738?
246
Calculate the greatest common divisor of 1190 and 136.
34
What is the greatest common factor of 345 and 2280?
15
Calculate the greatest common factor of 30 and 6765.
15
What is the highest common factor of 88 and 8?
8
Calculate the greatest common factor of 6 and 4137.
3
Calculate the greatest common divisor of 133 and 5149.
19
What is the 